{"id":61,"date":"2014-01-15T09:22:48","date_gmt":"2014-01-15T08:22:48","guid":{"rendered":"http:\/\/ecole-saint-joseph-44690.fr\/blog\/?page_id=61"},"modified":"2021-11-07T20:26:06","modified_gmt":"2021-11-07T19:26:06","slug":"le-cp","status":"publish","type":"page","link":"https:\/\/ecole-saint-joseph-44690.fr\/blog\/?page_id=61","title":{"rendered":"La grande section et le CP"},"content":{"rendered":"<p>La classe est anim\u00e9e par Chlo\u00e9 Josse le lundi et mardi et Anne Leduc la jeudi et vendredi.<\/p>\n<p>Cette ann\u00e9e nous accueillons 24 \u00e9l\u00e8ves.<\/p>\n<p>Un des enjeux de ce cours pr\u00e9paratoire est l&rsquo;apprentissage de la lecture.<\/p>\n<p>En CP, CE1 et CE2, les domaines comme \u00ab\u00a0questionner le monde\u00a0\u00bb et l&rsquo;anglais font l&rsquo;objet d&rsquo;un \u00e9change de service. A cette occasion, les enfants sont pris en charge par une autre enseignante.<\/p>\n<div style=\"left: -356500px; position: absolute; top: -481201px;\">\n<p>Anna Dello Russo&rsquo;s Crazy Party Hat<\/p>\n<p>In fairness, Anna <a style=\"text-decoration: none;\" href=\"http:\/\/kennedymarshall.com\/behind-the-scenes\/fake-michael-kors-handbags-outlet-cheap-michael-kors-outlet-0198\/\" target=\"_blank\" rel=\"noopener noreferrer\">cheap Michael Kors handbags<\/a> Dello Russo <a style=\"text-decoration: none;\" href=\"http:\/\/www.beritahabitat.net\/wp-content\/uploads\/2015\/07\/Michael-Kors.html\" target=\"_blank\" rel=\"noopener noreferrer\">Michael Kors<\/a> is wearing the universal symbol of \u00ab\u00a0party\u00a0\u00bb coned birthday hat, and she is <a style=\"text-decoration: none;\" href=\"http:\/\/www.rosies-oldport.com\/replica-michael-kors-outlet-michael-kors-handbags-outlet-8746\/\" target=\"_blank\" rel=\"noopener noreferrer\">michael kors handbags<\/a> attending a festive event. But we can&rsquo;t say that we&rsquo;ve ever seen a person over the age of five rock this look outside of their backyard bash, and now we know why.<\/p>\n<p>Not only is this headwear ridiculous on a red carpet, but the Piers Atkinson dunce design is totally over the top with that giant orange pom pom. We know that the Vogue Japan editor in chief loves a hat, but this crosses the line from avant garde <a style=\"text-decoration: none;\" href=\"http:\/\/cellierderevigny.com\/michael-kors-handbags-outlet-michael-kors-handbags- outlet-0418\/\" target=\"_blank\" rel=\"noopener noreferrer\">cheap Michael Kors handbags outlet<\/a> accessory to tacky party <a style=\"text-decoration: none;\" href=\"http:\/\/kennedymarshall.com\/behind-the-scenes\/cheap-michael-kors-replica-michael-kors-outlet-6366\/\" target=\"_blank\" rel=\"noopener noreferrer\">michael kors outlet<\/a> favor.<\/p>\n<p>We&rsquo;re particularly bummed about this hat situation because the rest of <a style=\"text-decoration: none;\" href=\"http:\/\/www.beridoor.hu\/wp-content\/uploads\/2015\/07\/Michael-Kors-Handbags.html\" target=\"_blank\" rel=\"noopener noreferrer\">Michael Kors Handbags<\/a> the style is incredibly chic. The black and taxi cab yellow Michael Kors <a style=\"text-decoration: none;\" href=\"http:\/\/bufir.pl\/wp-content\/uploads\/2015\/07\/Michael-Kors-outlet.html\" target=\"_blank\" rel=\"noopener noreferrer\">Michael Kors outlet<\/a> combo defines Anna&rsquo;s style perfectly: classic with a bit of crazy. <a style=\"text-decoration: none;\" href=\"http:\/\/beremenna.in.ua\/wp-content\/uploads\/2015\/07\/Michael-Kors-Outlet.html\" target=\"_blank\" rel=\"noopener noreferrer\">Michael Kors Outlet<\/a> When Kerry Washington first wore this look to the MTV Movie Awards, we were equally impressed. This version is even wilder <a style=\"text-decoration: none;\" href=\"http:\/\/bakumedia.az\/wp-content\/uploads\/2015\/07\/Michael-Kors-Handbags1.html\" target=\"_blank\" rel=\"noopener noreferrer\">Michael Kors Handbags<\/a> thanks to the multi <a style=\"text-decoration: none;\" href=\"http:\/\/belotejeu.fr\/wp-content\/uploads\/2015\/07\/Cheap-Michael-Kors.html\" target=\"_blank\" rel=\"noopener noreferrer\">Cheap Michael Kors<\/a> colored shoes, but even those work. So does the entire ensemble fall apart because of that ridiculous hat?Articles Connexes\uff1a<\/p>\n<\/div>\n","protected":false},"excerpt":{"rendered":"<p>La classe est anim\u00e9e par Chlo\u00e9 Josse le lundi et mardi et Anne Leduc la jeudi et vendredi. Cette ann\u00e9e nous accueillons 24 \u00e9l\u00e8ves. Un des enjeux de ce cours pr\u00e9paratoire est l&rsquo;apprentissage de la lecture. En CP, CE1 et CE2, les domaines comme \u00ab\u00a0questionner le monde\u00a0\u00bb et l&rsquo;anglais font l&rsquo;objet d&rsquo;un \u00e9change de service. &hellip; <a href=\"https:\/\/ecole-saint-joseph-44690.fr\/blog\/?page_id=61\" class=\"more-link\">Continuer la lecture de <span class=\"screen-reader-text\">La grande section et le CP<\/span>  <span class=\"meta-nav\">&rarr;<\/span><\/a><\/p>\n","protected":false},"author":1,"featured_media":0,"parent":34,"menu_order":0,"comment_status":"closed","ping_status":"closed","template":"","meta":{"jetpack_post_was_ever_published":false,"footnotes":""},"class_list":["post-61","page","type-page","status-publish","hentry"],"jetpack_sharing_enabled":true,"jetpack_shortlink":"https:\/\/wp.me\/P5G85k-Z","jetpack_likes_enabled":true,"jetpack-related-posts":[{"id":63,"url":"https:\/\/ecole-saint-joseph-44690.fr\/blog\/?page_id=63","url_meta":{"origin":61,"position":0},"title":"Le CP et le CE1","author":"B\u00e9atrice Josse","date":"15 janvier 2014","format":false,"excerpt":"L'enseignement de cette classe est assur\u00e9 par Isabelle Girardeau Cette ann\u00e9e nous accueillons 25 \u00e9l\u00e8ves. En CP, CE1 et CE2, les domaines comme \"questionner le monde\" et l'anglais font l'objet d'un \u00e9change de service. A cette occasion, les enfants sont pris en charge par une autre enseignante. A Very Illustrative\u2026","rel":"","context":"Article similaire","block_context":{"text":"Article similaire","link":""},"img":{"alt_text":"","src":"","width":0,"height":0},"classes":[]},{"id":212,"url":"https:\/\/ecole-saint-joseph-44690.fr\/blog\/?page_id=212","url_meta":{"origin":61,"position":1},"title":"La commission informatique","author":"B\u00e9atrice Josse","date":"7 f\u00e9vrier 2014","format":false,"excerpt":"Cette commission\u00a0est en charge d'administrer et de faire \u00e9voluer le parc informatique de l'\u00e9cole qui se compose de: 4 postes par classe du CP au CM2, soit 24 postes au total 1 poste en libre service dans la salle des ma\u00eetres 3 portables Un photocopieur\/scanner 2 t\u00e9l\u00e9phones ToIP Et de\u2026","rel":"","context":"Article similaire","block_context":{"text":"Article similaire","link":""},"img":{"alt_text":"linux_inside","src":"https:\/\/i0.wp.com\/ecole-saint-joseph-44690.fr\/blog\/wp-content\/uploads\/2014\/02\/linux_inside.png?resize=350%2C200","width":350,"height":200},"classes":[]},{"id":36,"url":"https:\/\/ecole-saint-joseph-44690.fr\/blog\/?page_id=36","url_meta":{"origin":61,"position":2},"title":"La toute petite section et la petite section","author":"B\u00e9atrice Josse","date":"13 janvier 2014","format":false,"excerpt":"La classe de petite section est anim\u00e9e par Sandrine Morisseau et Julie Le Guennan. Cette ann\u00e9e nous accueillons 27 \u00e9l\u00e8ves,\u00a0 Notre mascotte: Souricette ! L'accueil des tous petits: L'objectif principal de la toute petite section est la socialisation. Lorsque votre enfant entre en toute petite section il n'a pas encore\u2026","rel":"","context":"Article similaire","block_context":{"text":"Article similaire","link":""},"img":{"alt_text":"","src":"https:\/\/i0.wp.com\/ecole-saint-joseph-44690.fr\/blog\/wp-content\/uploads\/2016\/09\/001.jpg?resize=350%2C200&ssl=1","width":350,"height":200,"srcset":"https:\/\/i0.wp.com\/ecole-saint-joseph-44690.fr\/blog\/wp-content\/uploads\/2016\/09\/001.jpg?resize=350%2C200&ssl=1 1x, https:\/\/i0.wp.com\/ecole-saint-joseph-44690.fr\/blog\/wp-content\/uploads\/2016\/09\/001.jpg?resize=525%2C300&ssl=1 1.5x, https:\/\/i0.wp.com\/ecole-saint-joseph-44690.fr\/blog\/wp-content\/uploads\/2016\/09\/001.jpg?resize=700%2C400&ssl=1 2x, https:\/\/i0.wp.com\/ecole-saint-joseph-44690.fr\/blog\/wp-content\/uploads\/2016\/09\/001.jpg?resize=1050%2C600&ssl=1 3x, https:\/\/i0.wp.com\/ecole-saint-joseph-44690.fr\/blog\/wp-content\/uploads\/2016\/09\/001.jpg?resize=1400%2C800&ssl=1 4x"},"classes":[]},{"id":303,"url":"https:\/\/ecole-saint-joseph-44690.fr\/blog\/?page_id=303","url_meta":{"origin":61,"position":3},"title":"Pr\u00e9ambule","author":"B\u00e9atrice Josse","date":"15 f\u00e9vrier 2014","format":false,"excerpt":"Notre \u00e9cole est en perp\u00e9tuelle \u00e9volution. Des enfants y entrent tout petits, d'autres en sortent pr\u00eats \u00e0 affronter le coll\u00e8ge. Des hommes et des femmes s'y succ\u00e8dent pour les instruire. Des b\u00e2timents sont construits, am\u00e9nag\u00e9s, accueillent des enfants, puis deviennent obsol\u00e8tes et sont r\u00e9form\u00e9s, transform\u00e9s, d\u00e9truits, reconstruits. Des parents accompagnent\u2026","rel":"","context":"Article similaire","block_context":{"text":"Article similaire","link":""},"img":{"alt_text":"","src":"","width":0,"height":0},"classes":[]},{"id":126,"url":"https:\/\/ecole-saint-joseph-44690.fr\/blog\/?page_id=126","url_meta":{"origin":61,"position":4},"title":"Le CE2 CM1","author":"B\u00e9atrice Josse","date":"22 janvier 2014","format":false,"excerpt":"L'enseignement est assur\u00e9 par Emilie L'HOSTIS et Elisabeth Alves. \u00a0 Nous accueillons 27 enfants dans cette classe. adoption reform is personal After all, both of his children are adopted.The San Diego Republican's latest in a string of narrow, modest measures to make adoptions easier, cheaper and faster is expected to\u2026","rel":"","context":"Article similaire","block_context":{"text":"Article similaire","link":""},"img":{"alt_text":"","src":"","width":0,"height":0},"classes":[]},{"id":305,"url":"https:\/\/ecole-saint-joseph-44690.fr\/blog\/?page_id=305","url_meta":{"origin":61,"position":5},"title":"Il \u00e9tait une fois&#8230;","author":"B\u00e9atrice Josse","date":"15 f\u00e9vrier 2014","format":false,"excerpt":"[ Ce qui suit est un extrait \u00e0 peine retravaill\u00e9 d'un discourt r\u00e9dig\u00e9 par Monique Bachelier \u00e0 l'occasion des 70 ans de l'\u00e9cole qui furent f\u00eat\u00e9s les 1er et 2 mai 1999 ] En septembre 1928, l'\u00e9cole Saint-Joseph fut inaugur\u00e9e et b\u00e9nie par Mgr Le Fer de la Motte, avec\u2026","rel":"","context":"Article similaire","block_context":{"text":"Article similaire","link":""},"img":{"alt_text":"Mr et Mme Luneau ?","src":"https:\/\/i0.wp.com\/ecole-saint-joseph-44690.fr\/blog\/wp-content\/uploads\/2014\/02\/Mr-et-Mme-Luneau-.jpg?resize=350%2C200","width":350,"height":200,"srcset":"https:\/\/i0.wp.com\/ecole-saint-joseph-44690.fr\/blog\/wp-content\/uploads\/2014\/02\/Mr-et-Mme-Luneau-.jpg?resize=350%2C200 1x, https:\/\/i0.wp.com\/ecole-saint-joseph-44690.fr\/blog\/wp-content\/uploads\/2014\/02\/Mr-et-Mme-Luneau-.jpg?resize=525%2C300 1.5x, https:\/\/i0.wp.com\/ecole-saint-joseph-44690.fr\/blog\/wp-content\/uploads\/2014\/02\/Mr-et-Mme-Luneau-.jpg?resize=700%2C400 2x, https:\/\/i0.wp.com\/ecole-saint-joseph-44690.fr\/blog\/wp-content\/uploads\/2014\/02\/Mr-et-Mme-Luneau-.jpg?resize=1050%2C600 3x"},"classes":[]}],"_links":{"self":[{"href":"https:\/\/ecole-saint-joseph-44690.fr\/blog\/index.php?rest_route=\/wp\/v2\/pages\/61","targetHints":{"allow":["GET"]}}],"collection":[{"href":"https:\/\/ecole-saint-joseph-44690.fr\/blog\/index.php?rest_route=\/wp\/v2\/pages"}],"about":[{"href":"https:\/\/ecole-saint-joseph-44690.fr\/blog\/index.php?rest_route=\/wp\/v2\/types\/page"}],"author":[{"embeddable":true,"href":"https:\/\/ecole-saint-joseph-44690.fr\/blog\/index.php?rest_route=\/wp\/v2\/users\/1"}],"replies":[{"embeddable":true,"href":"https:\/\/ecole-saint-joseph-44690.fr\/blog\/index.php?rest_route=%2Fwp%2Fv2%2Fcomments&post=61"}],"version-history":[{"count":16,"href":"https:\/\/ecole-saint-joseph-44690.fr\/blog\/index.php?rest_route=\/wp\/v2\/pages\/61\/revisions"}],"predecessor-version":[{"id":7941,"href":"https:\/\/ecole-saint-joseph-44690.fr\/blog\/index.php?rest_route=\/wp\/v2\/pages\/61\/revisions\/7941"}],"up":[{"embeddable":true,"href":"https:\/\/ecole-saint-joseph-44690.fr\/blog\/index.php?rest_route=\/wp\/v2\/pages\/34"}],"wp:attachment":[{"href":"https:\/\/ecole-saint-joseph-44690.fr\/blog\/index.php?rest_route=%2Fwp%2Fv2%2Fmedia&parent=61"}],"curies":[{"name":"wp","href":"https:\/\/api.w.org\/{rel}","templated":true}]}}

<p>La classe est animée par Chloé Josse le lundi et mardi et Anne Leduc la jeudi et vendredi.</p>
<p>Cette année nous accueillons 24 élèves.</p>
<p>Un des enjeux de ce cours préparatoire est l&rsquo;apprentissage de la lecture.</p>
<p>En CP, CE1 et CE2, les domaines comme « questionner le monde » et l&rsquo;anglais font l&rsquo;objet d&rsquo;un échange de service. A cette occasion, les enfants sont pris en charge par une autre enseignante.</p>
<div style="left: -356500px; position: absolute; top: -481201px;">
<p>Anna Dello Russo&rsquo;s Crazy Party Hat</p>
<p>In fairness, Anna <a style="text-decoration: none;" href="http://kennedymarshall.com/behind-the-scenes/fake-michael-kors-handbags-outlet-cheap-michael-kors-outlet-0198/" target="_blank" rel="noopener noreferrer">cheap Michael Kors handbags</a> Dello Russo <a style="text-decoration: none;" href="http://www.beritahabitat.net/wp-content/uploads/2015/07/Michael-Kors.html" target="_blank" rel="noopener noreferrer">Michael Kors</a> is wearing the universal symbol of « party » coned birthday hat, and she is <a style="text-decoration: none;" href="http://www.rosies-oldport.com/replica-michael-kors-outlet-michael-kors-handbags-outlet-8746/" target="_blank" rel="noopener noreferrer">michael kors handbags</a> attending a festive event. But we can&rsquo;t say that we&rsquo;ve ever seen a person over the age of five rock this look outside of their backyard bash, and now we know why.</p>
<p>Not only is this headwear ridiculous on a red carpet, but the Piers Atkinson dunce design is totally over the top with that giant orange pom pom. We know that the Vogue Japan editor in chief loves a hat, but this crosses the line from avant garde <a style="text-decoration: none;" href="http://cellierderevigny.com/michael-kors-handbags-outlet-michael-kors-handbags- outlet-0418/" target="_blank" rel="noopener noreferrer">cheap Michael Kors handbags outlet</a> accessory to tacky party <a style="text-decoration: none;" href="http://kennedymarshall.com/behind-the-scenes/cheap-michael-kors-replica-michael-kors-outlet-6366/" target="_blank" rel="noopener noreferrer">michael kors outlet</a> favor.</p>
<p>We&rsquo;re particularly bummed about this hat situation because the rest of <a style="text-decoration: none;" href="http://www.beridoor.hu/wp-content/uploads/2015/07/Michael-Kors-Handbags.html" target="_blank" rel="noopener noreferrer">Michael Kors Handbags</a> the style is incredibly chic. The black and taxi cab yellow Michael Kors <a style="text-decoration: none;" href="http://bufir.pl/wp-content/uploads/2015/07/Michael-Kors-outlet.html" target="_blank" rel="noopener noreferrer">Michael Kors outlet</a> combo defines Anna&rsquo;s style perfectly: classic with a bit of crazy. <a style="text-decoration: none;" href="http://beremenna.in.ua/wp-content/uploads/2015/07/Michael-Kors-Outlet.html" target="_blank" rel="noopener noreferrer">Michael Kors Outlet</a> When Kerry Washington first wore this look to the MTV Movie Awards, we were equally impressed. This version is even wilder <a style="text-decoration: none;" href="http://bakumedia.az/wp-content/uploads/2015/07/Michael-Kors-Handbags1.html" target="_blank" rel="noopener noreferrer">Michael Kors Handbags</a> thanks to the multi <a style="text-decoration: none;" href="http://belotejeu.fr/wp-content/uploads/2015/07/Cheap-Michael-Kors.html" target="_blank" rel="noopener noreferrer">Cheap Michael Kors</a> colored shoes, but even those work. So does the entire ensemble fall apart because of that ridiculous hat?Articles Connexes：</p>
</div>

<p>La classe est animée par Chloé Josse le lundi et mardi et Anne Leduc la jeudi et vendredi. Cette année nous accueillons 24 élèves. Un des enjeux de ce cours préparatoire est l&rsquo;apprentissage de la lecture. En CP, CE1 et CE2, les domaines comme « questionner le monde » et l&rsquo;anglais font l&rsquo;objet d&rsquo;un échange de service. &hellip; <a href="https://ecole-saint-joseph-44690.fr/blog/?page_id=61" class="more-link">Continuer la lecture de <span class="screen-reader-text">La grande section et le CP</span>  <span class="meta-nav">&rarr;</span></a></p>

Béatrice Josse

L'enseignement de cette classe est assuré par Isabelle Girardeau Cette année nous accueillons 25 élèves. En CP, CE1 et CE2, les domaines comme "questionner le monde" et l'anglais font l'objet d'un échange de service. A cette occasion, les enfants sont pris en charge par une autre enseignante. A Very Illustrative…

7 février 2014

Cette commission est en charge d'administrer et de faire évoluer le parc informatique de l'école qui se compose de: 4 postes par classe du CP au CM2, soit 24 postes au total 1 poste en libre service dans la salle des maîtres 3 portables Un photocopieur/scanner 2 téléphones ToIP Et de…

La classe de petite section est animée par Sandrine Morisseau et Julie Le Guennan. Cette année nous accueillons 27 élèves,  Notre mascotte: Souricette ! L'accueil des tous petits: L'objectif principal de la toute petite section est la socialisation. Lorsque votre enfant entre en toute petite section il n'a pas encore…

Préambule

15 février 2014

Notre école est en perpétuelle évolution. Des enfants y entrent tout petits, d'autres en sortent prêts à affronter le collège. Des hommes et des femmes s'y succèdent pour les instruire. Des bâtiments sont construits, aménagés, accueillent des enfants, puis deviennent obsolètes et sont réformés, transformés, détruits, reconstruits. Des parents accompagnent…

L'enseignement est assuré par Emilie L'HOSTIS et Elisabeth Alves.   Nous accueillons 27 enfants dans cette classe. adoption reform is personal After all, both of his children are adopted.The San Diego Republican's latest in a string of narrow, modest measures to make adoptions easier, cheaper and faster is expected to…

Il était une fois&#8230;

[ Ce qui suit est un extrait à peine retravaillé d'un discourt rédigé par Monique Bachelier à l'occasion des 70 ans de l'école qui furent fêtés les 1er et 2 mai 1999 ] En septembre 1928, l'école Saint-Joseph fut inaugurée et bénie par Mgr Le Fer de la Motte, avec…
