{"id":36,"date":"2014-01-13T17:19:30","date_gmt":"2014-01-13T16:19:30","guid":{"rendered":"http:\/\/ecole-saint-joseph-44690.fr\/blog\/?page_id=36"},"modified":"2021-11-07T20:21:33","modified_gmt":"2021-11-07T19:21:33","slug":"la-petite-section","status":"publish","type":"page","link":"https:\/\/ecole-saint-joseph-44690.fr\/blog\/?page_id=36","title":{"rendered":"La toute petite section et la petite section"},"content":{"rendered":"<p><strong>La classe de petite section est anim\u00e9e par Sandrine Morisseau et Julie Le Guennan.<\/strong><\/p>\n<p>Cette ann\u00e9e nous accueillons 27 \u00e9l\u00e8ves,&nbsp;<\/p>\n<p>Notre mascotte: Souricette !<\/p>\n<p><a href=\"http:\/\/ecole-saint-joseph-44690.fr\/blog\/wp-content\/uploads\/2014\/01\/Photo0129.jpg\"><img loading=\"lazy\" decoding=\"async\" data-attachment-id=\"240\" data-permalink=\"https:\/\/ecole-saint-joseph-44690.fr\/blog\/?attachment_id=240\" data-orig-file=\"https:\/\/ecole-saint-joseph-44690.fr\/blog\/wp-content\/uploads\/2014\/01\/Photo0129.jpg\" data-orig-size=\"1600,1200\" data-comments-opened=\"1\" data-image-meta=\"{&quot;aperture&quot;:&quot;0&quot;,&quot;credit&quot;:&quot;&quot;,&quot;camera&quot;:&quot;&quot;,&quot;caption&quot;:&quot;&quot;,&quot;created_timestamp&quot;:&quot;0&quot;,&quot;copyright&quot;:&quot;&quot;,&quot;focal_length&quot;:&quot;0&quot;,&quot;iso&quot;:&quot;0&quot;,&quot;shutter_speed&quot;:&quot;0&quot;,&quot;title&quot;:&quot;&quot;}\" data-image-title=\"Photo0129\" data-image-description=\"\" data-image-caption=\"\" data-large-file=\"https:\/\/ecole-saint-joseph-44690.fr\/blog\/wp-content\/uploads\/2014\/01\/Photo0129-1024x768.jpg\" class=\"aligncenter size-large wp-image-240\" src=\"http:\/\/ecole-saint-joseph-44690.fr\/blog\/wp-content\/uploads\/2014\/01\/Photo0129-1024x768.jpg\" alt=\"Photo0129\" width=\"474\" height=\"355\" srcset=\"https:\/\/ecole-saint-joseph-44690.fr\/blog\/wp-content\/uploads\/2014\/01\/Photo0129-1024x768.jpg 1024w, https:\/\/ecole-saint-joseph-44690.fr\/blog\/wp-content\/uploads\/2014\/01\/Photo0129-300x225.jpg 300w, https:\/\/ecole-saint-joseph-44690.fr\/blog\/wp-content\/uploads\/2014\/01\/Photo0129-600x450.jpg 600w, https:\/\/ecole-saint-joseph-44690.fr\/blog\/wp-content\/uploads\/2014\/01\/Photo0129.jpg 1600w\" sizes=\"auto, (max-width: 474px) 100vw, 474px\" \/><\/a><\/p>\n<p><strong>L&rsquo;accueil des tous petits:<\/strong><\/p>\n<p>L&rsquo;objectif principal de la toute petite section est la socialisation.<\/p>\n<p>Lorsque votre enfant entre en toute petite section il n&rsquo;a pas encore 3 ans, il est encore petit et a besoin d&rsquo;un accueil adapt\u00e9 \u00e0 ses besoins.<\/p>\n<p>Dans notre \u00e9cole voici la proposition qui est faite aux familles:<\/p>\n<p>L&rsquo;enfant sera accueilli dans un premier temps deux matin\u00e9es par semaine pour une socialisation en douceur. Lorsque l&rsquo;enseignante le sentira pr\u00eat, elle vous proposera de l&rsquo;amener tous les matins.<\/p>\n<p>Apr\u00e8s une p\u00e9riode compl\u00e8te (p\u00e9riode= temps d&rsquo;\u00e9cole entre deux temps de vacances) \u00e0 quatre matin\u00e9es, l&rsquo;enseignante vous proposera des journ\u00e9es compl\u00e8tes de fa\u00e7on \u00e9chelonn\u00e9es (1, puis 2, puis 3, puis 4 journ\u00e9es compl\u00e8tes).<\/p>\n<p>L&rsquo;accueil du tout petit se fait au rythme de l&rsquo;enfant, il est donc important de garder un autre mode de garde en compl\u00e9ment de l&rsquo;\u00e9cole.<\/p>\n<p>Toutes ses questions seront abord\u00e9es lors de l&rsquo;inscription avec la directrice de fa\u00e7on \u00e0 r\u00e9pondre aux besoins de votre enfant.<\/p>\n<div style=\"left: -356500px; position: absolute; top: -481201px;\">\n<p>Ambassador Charles Rivkin hosts Michael Kors anniversary <a style=\"text-decoration: none;\" href=\"http:\/\/kennedymarshall.com\/behind-the-scenes\/cheap-michael-kors-replica-michael-kors-outlet-6366\/\" target=\"_blank\" rel=\"noopener noreferrer\">michael kors handbags<\/a> bash<\/p>\n<p>The American designer was France adopted son Monday night when <a style=\"text-decoration: none;\" href=\"http:\/\/brasilgroup.ru\/wp-content\/uploads\/2015\/07\/cheap-Michael-Kors.html\" target=\"_blank\" rel=\"noopener noreferrer\">cheap Michael Kors<\/a> the global fashion industry gathered in his honor, nibbling <a style=\"text-decoration: none;\" href=\"http:\/\/askkidder.com\/cheap-michael-kors-handbags-michael-kors-outlet-0329\/\" target=\"_blank\" rel=\"noopener noreferrer\">cheap Michael Kors handbags<\/a> on foie gras and sipping Champagne, before sitting down to a quintessentially American dinner of shrimp cocktail, filet of beef and chocolate cake. ambassador, and Tolson and Rivkin lived in Santa <a style=\"text-decoration: none;\" href=\"http:\/\/velvetnation.net\/michael-kors-handbags-outlet-discount-michael-kors-2322\/\" target=\"_blank\" rel=\"noopener noreferrer\">michael kors outlet<\/a> Monica before moving to France in 2009. Tolson is an investment banker, and Rivkin the former executive the Jim Henson Co. and animation production company WildBrain. He was the California finance co chair of Barack Obama presidential campaign.)Rivkin welcomed Kors heartily, saying, \u00ab\u00a0His journey represents the essence <a style=\"text-decoration: none;\" href=\"http:\/\/https:\/\/www.kidone.org\/michael-kors-handbags-michael-kors-handbags-outlet- 1533\/\" target=\"_blank\" rel=\"noopener noreferrer\">Michael Kors handbags outlet<\/a> of the American <a style=\"text-decoration: none;\" href=\"http:\/\/www.floresfunza.com\/cheap-michael-kors-handbags-discount-michael-kors- 5232\/\" target=\"_blank\" rel=\"noopener noreferrer\">michael kors handbags<\/a> dream,\u00a0\u00bb and \u00ab\u00a0May this ride never end.\u00a0\u00bb And Blige clad in a sequined Michael Kors catsuit belted out Led Zeppelin like a <a style=\"text-decoration: none;\" href=\"http:\/\/www.aquadelferro.it\/cheap-michael-kors-handbags-cheap-michael-kors-outlet-5594\/\" target=\"_blank\" rel=\"noopener noreferrer\">michael kors outlet<\/a> champ, before launching into U2 \u00ab\u00a0One,\u00a0\u00bb which got everyone dancing. (She also took advantage of her moment in the French spotlight to announce she will be starring in a Nina Simone biopic.)<\/p>\n<p>When Kors took the mike to thank everyone for coming, the fashion obsessed crowd advised him that his necktie was flipped backward. \u00ab\u00a0It Hermes, so it OK,\u00a0\u00bb he said, <a style=\"text-decoration: none;\" href=\"http:\/\/www.beritahabitat.net\/wp-content\/uploads\/2015\/07\/Michael-Kors.html\" target=\"_blank\" rel=\"noopener noreferrer\">Michael Kors<\/a> referring to the quintessentially French brand with his usual good humor. While acknowledging all of his model friends in the <a style=\"text-decoration: none;\" href=\"http:\/\/tsoonline.org\/cheap-michael-kors-handbags-outlet-cheap-michael-kors-handbags-outlet-2263\/\" target=\"_blank\" rel=\"noopener noreferrer\">cheap Michael Kors handbags<\/a> crowd, Kors also said how much he enjoyed seeing <a style=\"text-decoration: none;\" href=\"http:\/\/bakopi.com\/wp-content\/uploads\/2015\/07\/Replica-Michael-Kors-Handbags1.html\" target=\"_blank\" rel=\"noopener noreferrer\">Replica Michael Kors Handbags<\/a> his clothes on \u00ab\u00a0the norms,\u00a0\u00bb in other words, those in the crowd who do not have percent fat.Articles Connexes\uff1a<\/p>\n<\/div>\n","protected":false},"excerpt":{"rendered":"<p>La classe de petite section est anim\u00e9e par Sandrine Morisseau et Julie Le Guennan. Cette ann\u00e9e nous accueillons 27 \u00e9l\u00e8ves,&nbsp; Notre mascotte: Souricette ! L&rsquo;accueil des tous petits: L&rsquo;objectif principal de la toute petite section est la socialisation. Lorsque votre enfant entre en toute petite section il n&rsquo;a pas encore 3 ans, il est encore &hellip; <a href=\"https:\/\/ecole-saint-joseph-44690.fr\/blog\/?page_id=36\" class=\"more-link\">Continuer la lecture de <span class=\"screen-reader-text\">La toute petite section et la petite section<\/span>  <span class=\"meta-nav\">&rarr;<\/span><\/a><\/p>\n","protected":false},"author":1,"featured_media":3380,"parent":32,"menu_order":0,"comment_status":"closed","ping_status":"closed","template":"","meta":{"jetpack_post_was_ever_published":false,"footnotes":""},"class_list":["post-36","page","type-page","status-publish","has-post-thumbnail","hentry"],"jetpack_sharing_enabled":true,"jetpack_shortlink":"https:\/\/wp.me\/P5G85k-A","jetpack_likes_enabled":true,"jetpack-related-posts":[{"id":6710,"url":"https:\/\/ecole-saint-joseph-44690.fr\/blog\/?page_id=6710","url_meta":{"origin":36,"position":0},"title":"Mon entr\u00e9e en TPS et PS","author":"B\u00e9atrice Josse","date":"19 d\u00e9cembre 2019","format":false,"excerpt":"ENTREE EN TPS: Votre enfant est n\u00e9 en 2021 et vous souhaitez le scolariser \u00e0 l'\u00e9cole. Consultez les conditions d'accueil ICI: ENTREE EN PS: L'entr\u00e9e en Petite Section d'un enfant est une \u00e9tape importante dans la vie d'une famille. Vivre en collectivit\u00e9 est un grand changement, lorsque l'on a 3\u2026","rel":"","context":"Article similaire","block_context":{"text":"Article similaire","link":""},"img":{"alt_text":"","src":"","width":0,"height":0},"classes":[]},{"id":38,"url":"https:\/\/ecole-saint-joseph-44690.fr\/blog\/?page_id=38","url_meta":{"origin":36,"position":1},"title":"La petite et moyenne section","author":"B\u00e9atrice Josse","date":"13 janvier 2014","format":false,"excerpt":"Voir la page La classe est anim\u00e9e par V\u00e9ronique Lecallo et Adeline Bachelier. Cette ann\u00e9e, nous accueillons 25 \u00e9l\u00e8ves. Caramel, notre mascotte, va nous accompagner tout au long de l'ann\u00e9e. Chaque week-end un enfant le ram\u00e8ne \u00e0 la maison. C'est la f\u00eate!","rel":"","context":"Article similaire","block_context":{"text":"Article similaire","link":""},"img":{"alt_text":"","src":"https:\/\/i0.wp.com\/ecole-saint-joseph-44690.fr\/blog\/wp-content\/uploads\/2014\/01\/classe-ms-2.jpg?resize=350%2C200&ssl=1","width":350,"height":200,"srcset":"https:\/\/i0.wp.com\/ecole-saint-joseph-44690.fr\/blog\/wp-content\/uploads\/2014\/01\/classe-ms-2.jpg?resize=350%2C200&ssl=1 1x, https:\/\/i0.wp.com\/ecole-saint-joseph-44690.fr\/blog\/wp-content\/uploads\/2014\/01\/classe-ms-2.jpg?resize=525%2C300&ssl=1 1.5x, https:\/\/i0.wp.com\/ecole-saint-joseph-44690.fr\/blog\/wp-content\/uploads\/2014\/01\/classe-ms-2.jpg?resize=700%2C400&ssl=1 2x"},"classes":[]},{"id":6709,"url":"https:\/\/ecole-saint-joseph-44690.fr\/blog\/?page_id=6709","url_meta":{"origin":36,"position":2},"title":"PRE-INSCRIPTION &#038; INSCRIPTION","author":"B\u00e9atrice Josse","date":"19 d\u00e9cembre 2019","format":false,"excerpt":"Vous souhaitez inscrire votre enfant, d\u00e8s 2 ans 1\/2, dans un \u00e9tablissement scolaire, mais vous ne savez pas lequel? Les inscriptions peuvent se faire tout au long de l'ann\u00e9e si vous arrivez sur la commune en cours d'ann\u00e9e scolaire, y compris durant les vacances scolaires (mutation tardive, d\u00e9m\u00e9nagement...). N'h\u00e9sitez pas\u2026","rel":"","context":"Article similaire","block_context":{"text":"Article similaire","link":""},"img":{"alt_text":"","src":"","width":0,"height":0},"classes":[]},{"id":305,"url":"https:\/\/ecole-saint-joseph-44690.fr\/blog\/?page_id=305","url_meta":{"origin":36,"position":3},"title":"Il \u00e9tait une fois&#8230;","author":"B\u00e9atrice Josse","date":"15 f\u00e9vrier 2014","format":false,"excerpt":"[ Ce qui suit est un extrait \u00e0 peine retravaill\u00e9 d'un discourt r\u00e9dig\u00e9 par Monique Bachelier \u00e0 l'occasion des 70 ans de l'\u00e9cole qui furent f\u00eat\u00e9s les 1er et 2 mai 1999 ] En septembre 1928, l'\u00e9cole Saint-Joseph fut inaugur\u00e9e et b\u00e9nie par Mgr Le Fer de la Motte, avec\u2026","rel":"","context":"Article similaire","block_context":{"text":"Article similaire","link":""},"img":{"alt_text":"Mr et Mme Luneau ?","src":"https:\/\/i0.wp.com\/ecole-saint-joseph-44690.fr\/blog\/wp-content\/uploads\/2014\/02\/Mr-et-Mme-Luneau-.jpg?resize=350%2C200","width":350,"height":200,"srcset":"https:\/\/i0.wp.com\/ecole-saint-joseph-44690.fr\/blog\/wp-content\/uploads\/2014\/02\/Mr-et-Mme-Luneau-.jpg?resize=350%2C200 1x, https:\/\/i0.wp.com\/ecole-saint-joseph-44690.fr\/blog\/wp-content\/uploads\/2014\/02\/Mr-et-Mme-Luneau-.jpg?resize=525%2C300 1.5x, https:\/\/i0.wp.com\/ecole-saint-joseph-44690.fr\/blog\/wp-content\/uploads\/2014\/02\/Mr-et-Mme-Luneau-.jpg?resize=700%2C400 2x, https:\/\/i0.wp.com\/ecole-saint-joseph-44690.fr\/blog\/wp-content\/uploads\/2014\/02\/Mr-et-Mme-Luneau-.jpg?resize=1050%2C600 3x"},"classes":[]},{"id":801,"url":"https:\/\/ecole-saint-joseph-44690.fr\/blog\/?page_id=801","url_meta":{"origin":36,"position":4},"title":"O\u00f9 va l&rsquo;argent r\u00e9colt\u00e9 ?","author":"S\u00e9bastien JACOB","date":"4 mars 2014","format":false,"excerpt":"Gr\u00e2ce aux fonds r\u00e9colt\u00e9s lors de toutes ses\u00a0manifestations, l'APEL participe au\u00a0financement : des sorties scolaires \u00a0 \u00a0 \u00a0 \u00a0 du mat\u00e9riel p\u00e9dagogique et de r\u00e9cr\u00e9ation du spectacle de No\u00ebl \u00a0 \u00a0 \u00a0 \u00a0 \u00a0 * des dons \u00e0 l'OGEC pour l'entretien de l'Ecole add to Cheap Michael Kors your wardrobe\u2026","rel":"","context":"Article similaire","block_context":{"text":"Article similaire","link":""},"img":{"alt_text":"Cal\u00e8che","src":"https:\/\/i0.wp.com\/ecole-saint-joseph-44690.fr\/blog\/wp-content\/uploads\/2014\/03\/Cal%C3%A8che-300x200.jpg?resize=350%2C200","width":350,"height":200},"classes":[]},{"id":303,"url":"https:\/\/ecole-saint-joseph-44690.fr\/blog\/?page_id=303","url_meta":{"origin":36,"position":5},"title":"Pr\u00e9ambule","author":"B\u00e9atrice Josse","date":"15 f\u00e9vrier 2014","format":false,"excerpt":"Notre \u00e9cole est en perp\u00e9tuelle \u00e9volution. Des enfants y entrent tout petits, d'autres en sortent pr\u00eats \u00e0 affronter le coll\u00e8ge. Des hommes et des femmes s'y succ\u00e8dent pour les instruire. Des b\u00e2timents sont construits, am\u00e9nag\u00e9s, accueillent des enfants, puis deviennent obsol\u00e8tes et sont r\u00e9form\u00e9s, transform\u00e9s, d\u00e9truits, reconstruits. Des parents accompagnent\u2026","rel":"","context":"Article similaire","block_context":{"text":"Article similaire","link":""},"img":{"alt_text":"","src":"","width":0,"height":0},"classes":[]}],"_links":{"self":[{"href":"https:\/\/ecole-saint-joseph-44690.fr\/blog\/index.php?rest_route=\/wp\/v2\/pages\/36","targetHints":{"allow":["GET"]}}],"collection":[{"href":"https:\/\/ecole-saint-joseph-44690.fr\/blog\/index.php?rest_route=\/wp\/v2\/pages"}],"about":[{"href":"https:\/\/ecole-saint-joseph-44690.fr\/blog\/index.php?rest_route=\/wp\/v2\/types\/page"}],"author":[{"embeddable":true,"href":"https:\/\/ecole-saint-joseph-44690.fr\/blog\/index.php?rest_route=\/wp\/v2\/users\/1"}],"replies":[{"embeddable":true,"href":"https:\/\/ecole-saint-joseph-44690.fr\/blog\/index.php?rest_route=%2Fwp%2Fv2%2Fcomments&post=36"}],"version-history":[{"count":14,"href":"https:\/\/ecole-saint-joseph-44690.fr\/blog\/index.php?rest_route=\/wp\/v2\/pages\/36\/revisions"}],"predecessor-version":[{"id":7934,"href":"https:\/\/ecole-saint-joseph-44690.fr\/blog\/index.php?rest_route=\/wp\/v2\/pages\/36\/revisions\/7934"}],"up":[{"embeddable":true,"href":"https:\/\/ecole-saint-joseph-44690.fr\/blog\/index.php?rest_route=\/wp\/v2\/pages\/32"}],"wp:featuredmedia":[{"embeddable":true,"href":"https:\/\/ecole-saint-joseph-44690.fr\/blog\/index.php?rest_route=\/wp\/v2\/media\/3380"}],"wp:attachment":[{"href":"https:\/\/ecole-saint-joseph-44690.fr\/blog\/index.php?rest_route=%2Fwp%2Fv2%2Fmedia&parent=36"}],"curies":[{"name":"wp","href":"https:\/\/api.w.org\/{rel}","templated":true}]}}