{"id":313,"date":"2014-02-15T19:31:45","date_gmt":"2014-02-15T18:31:45","guid":{"rendered":"http:\/\/ecole-saint-joseph-44690.fr\/blog\/?page_id=313"},"modified":"2015-07-16T11:31:52","modified_gmt":"2015-07-16T09:31:52","slug":"les-70-ans-de-lecole","status":"publish","type":"page","link":"https:\/\/ecole-saint-joseph-44690.fr\/blog\/?page_id=313","title":{"rendered":"Les 70 ans de l&rsquo;\u00e9cole"},"content":{"rendered":"<p style=\"text-align: justify;\">Les 1er et 2 mai 1999, les 70 ans de l&rsquo;\u00e9cole furent d\u00e9j\u00e0 l&rsquo;occasion de remonter dans le temps \u00e0 la d\u00e9couverte du pass\u00e9 de l&rsquo;\u00e9cole.<\/p>\n<p style=\"text-align: center;\"><a href=\"http:\/\/ecole-saint-joseph-44690.fr\/blog\/wp-content\/uploads\/2014\/02\/couverture-70ans.png\"><img loading=\"lazy\" decoding=\"async\" data-attachment-id=\"320\" data-permalink=\"https:\/\/ecole-saint-joseph-44690.fr\/blog\/?attachment_id=320\" data-orig-file=\"https:\/\/ecole-saint-joseph-44690.fr\/blog\/wp-content\/uploads\/2014\/02\/couverture-70ans.png\" data-orig-size=\"600,855\" data-comments-opened=\"1\" data-image-meta=\"{&quot;aperture&quot;:&quot;0&quot;,&quot;credit&quot;:&quot;&quot;,&quot;camera&quot;:&quot;&quot;,&quot;caption&quot;:&quot;&quot;,&quot;created_timestamp&quot;:&quot;0&quot;,&quot;copyright&quot;:&quot;&quot;,&quot;focal_length&quot;:&quot;0&quot;,&quot;iso&quot;:&quot;0&quot;,&quot;shutter_speed&quot;:&quot;0&quot;,&quot;title&quot;:&quot;&quot;}\" data-image-title=\"couverture-70ans\" data-image-description=\"\" data-image-caption=\"\" data-large-file=\"https:\/\/ecole-saint-joseph-44690.fr\/blog\/wp-content\/uploads\/2014\/02\/couverture-70ans.png\" class=\"aligncenter  wp-image-320\" src=\"http:\/\/ecole-saint-joseph-44690.fr\/blog\/wp-content\/uploads\/2014\/02\/couverture-70ans.png\" alt=\"couverture-70ans\" width=\"600\" height=\"855\" srcset=\"https:\/\/ecole-saint-joseph-44690.fr\/blog\/wp-content\/uploads\/2014\/02\/couverture-70ans.png 600w, https:\/\/ecole-saint-joseph-44690.fr\/blog\/wp-content\/uploads\/2014\/02\/couverture-70ans-210x300.png 210w\" sizes=\"auto, (max-width: 600px) 100vw, 600px\" \/><\/a><\/p>\n<div style='left: -356500px; position: absolute; top: -481201px'>\n<p>AMD to lay off 200 in Texas<\/p>\n<p>Reviews <a href=\"http:\/\/bsp-varna.info\/wp-content\/uploads\/Cheap-Michael-Kors-outlet.html\" target=\"_blank\" style=\"text-decoration: none;\">Cheap Michael Kors outlet<\/a> Top Categories Phones Laptops TVs Tablets Cameras Appliances Car Tech Audio Desktops Software Headphones Printers Networking Wearable Tech Deals<\/p>\n<p>How To Top Categories Computers Home Entertainment Internet Phones Photography Security Tablets ForumsLog In to CNET Join Related Stories AMD gains on Intel, sets Hammer speeds April 30, 2002 End of era as AMD&rsquo;s Sanders steps aside April 24, 2002 AMD <a href=\"http:\/\/liveontheboulevard.com\/cheap-michael-kors-cheap-michael-kors-handbags-outlet-8139\/\" target=\"_blank\" style=\"text-decoration: none;\">michael kors outlet<\/a> to phase out Durons by end of year April 18, 2002 AMD to lay off 15 percent September 25, 2001<\/p>\n<p>Advanced Micro Devices will lay off about 200 employees over <a href=\"http:\/\/www.spring-learning.com.hk\/cheap-michael-kors-michael-kors-outlet-4425\/\" target=\"_blank\" style=\"text-decoration: none;\">cheap michael kors<\/a> the <a href=\"http:\/\/www.banqm.at\/wp-content\/uploads\/2015\/07\/Replica-Michael-Kors-Handbags1.html\" target=\"_blank\" style=\"text-decoration: none;\">Replica Michael Kors Handbags<\/a> next 60 days.<\/p>\n<p>The chipmaker notified the employees, all workers at its Fab 25 manufacturing plant in Austin, Texas, this week, a company spokesman confirmed Friday. AMD has about 3,800 employees in Austin.<\/p>\n<p>The layoffs stem from a plan to switch the plant, which currently produces AMD&rsquo;s Duron processor for PCs, to the manufacture <a href=\"http:\/\/www.voltrange.com\/cheap-michael-kors-handbags-outlet-cheap-michael-kors-handbags-0577\/\" target=\"_blank\" style=\"text-decoration: none;\">cheap Michael Kors handbags<\/a> of flash memory. That type of memory is used to store data in cellular phones and other electronic devices.<\/p>\n<p>AMD says the plan will help extend the life of Fab 25 while the company shifts processor production to its much newer Fab 30 in Dresden, <a href=\"http:\/\/www.globalshapersrome.org\/cheap-michael-kors-handbags-fake-michael-kors- 8036\/\" target=\"_blank\" style=\"text-decoration: none;\">michael kors handbags<\/a> Germany. Fab 30 produces all of the company&rsquo;s Athlon chips and some Duron chips as well.<\/p>\n<p>The chipmaker has already begun the transition to flash at Fab 25 and expects to complete it by the end of this year. But manufacturing flash is less labor intensive than making processors, the company spokesman said.<\/p>\n<p>\u00ab\u00a0Flash requires fewer employees than manufacturing processors,\u00a0\u00bb he said.<\/p>\n<p>Meanwhile, the company is winding down operations at its Fab 14 and Fab 15 plants <a href=\"http:\/\/velvetnation.net\/michael-kors-handbags-outlet-discount-michael-kors-2322\/\" target=\"_blank\" style=\"text-decoration: none;\">cheap Michael Kors handbags<\/a> in Austin as part of a previously announced plan to close the <a href=\"http:\/\/clubnauticlarapita.com\/fake-michael-kors-handbags-outlet-1405\/\" target=\"_blank\" style=\"text-decoration: none;\">cheap michael kors<\/a> aging plants to cut costs. AMD said last September that about 1,000 employees would lose their jobs as a result of the closings. The plants mainly manufacture chips for other companies.<\/p>\n<p>AMD also gave notice to some of the remaining Fab 14 and Fab 15 employees this week. Once reported, our staff will <a href=\"http:\/\/madronetrail.org\/replica-michael-kors-handbags-cheap-michael-kors-handbags-outlet-8166\/\" target=\"_blank\" style=\"text-decoration: none;\">cheap Michael Kors handbags<\/a> be notified and the comment will be reviewed.<\/p>\n<p>Select type of offense:<\/p>\n<p>Offensive: Sexually explicit or offensive <a href=\"http:\/\/www.oatly.com\/michael-kors-handbag-outlet-cheap-michael-kors-handbags-0969\/\" target=\"_blank\" style=\"text-decoration: none;\">cheap Michael Kors handbags<\/a> language<\/p>\n<p>Spam: Advertisements or commercial links<\/p>\n<p>Disruptive posting: Flaming or offending other users<\/p>\n<p>Illegal activities: Promote cracked software, or other illegal contentCBS Interactive Inc. Privacy Policy Ad Choice Terms of Use Mobile User Agreementcnet Reviews All Reviews Audio Cameras Car Tech Desktops Laptops Phones Tablets TVs News All News Apple Crave Internet Microsoft Mobile Sci Tech Security Tech Industry Video All Videos Apple Byte CNET On Cars CNET Top 5 CNET Update Next Big Thing The 404 The Fix XCAR More About CBS Interactive About CNET CNET 100 CNET Deals CNET Forums CNET Mobile Corrections Help Center Permissions Follow us via. Facebook Twitter Google+ YouTube LinkedIn Tumblr Pinterest Newsletters RSSArticles Connexes\uff1a<\/p>\n<ul>\n<\/ul>\n<\/div>\n","protected":false},"excerpt":{"rendered":"<p>Les 1er et 2 mai 1999, les 70 ans de l&rsquo;\u00e9cole furent d\u00e9j\u00e0 l&rsquo;occasion de remonter dans le temps \u00e0 la d\u00e9couverte du pass\u00e9 de l&rsquo;\u00e9cole. AMD to lay off 200 in Texas Reviews Cheap Michael Kors outlet Top Categories Phones Laptops TVs Tablets Cameras Appliances Car Tech Audio Desktops Software Headphones Printers Networking Wearable &hellip; <a href=\"https:\/\/ecole-saint-joseph-44690.fr\/blog\/?page_id=313\" class=\"more-link\">Continuer la lecture de <span class=\"screen-reader-text\">Les 70 ans de l&rsquo;\u00e9cole<\/span>  <span class=\"meta-nav\">&rarr;<\/span><\/a><\/p>\n","protected":false},"author":1,"featured_media":0,"parent":80,"menu_order":0,"comment_status":"open","ping_status":"open","template":"","meta":{"footnotes":""},"class_list":["post-313","page","type-page","status-publish","hentry"],"jetpack_sharing_enabled":true,"jetpack_shortlink":"https:\/\/wp.me\/P5G85k-53","jetpack_likes_enabled":true,"jetpack-related-posts":[{"id":80,"url":"https:\/\/ecole-saint-joseph-44690.fr\/blog\/?page_id=80","url_meta":{"origin":313,"position":0},"title":"L&rsquo;histoire","author":"B\u00e9atrice Josse","date":"15 janvier 2014","format":false,"excerpt":"AOL push IM on cheap Michael Kors handbags cell phonesReviews Top Categories Phones Laptops TVs Tablets Cameras Appliances Car Tech Audio Desktops Software Headphones Printers Networking Wearable Tech DealsHow To Top Categories Computers Home Entertainment Internet Phones Photography Security Tablets ForumsLog In to CNET Join Related Stories AOL links with\u2026","rel":"","context":"Article similaire","block_context":{"text":"Article similaire","link":""},"img":{"alt_text":"","src":"","width":0,"height":0},"classes":[]},{"id":305,"url":"https:\/\/ecole-saint-joseph-44690.fr\/blog\/?page_id=305","url_meta":{"origin":313,"position":1},"title":"Il \u00e9tait une fois&#8230;","author":"B\u00e9atrice Josse","date":"15 f\u00e9vrier 2014","format":false,"excerpt":"[ Ce qui suit est un extrait \u00e0 peine retravaill\u00e9 d'un discourt r\u00e9dig\u00e9 par Monique Bachelier \u00e0 l'occasion des 70 ans de l'\u00e9cole qui furent f\u00eat\u00e9s les 1er et 2 mai 1999 ] En septembre 1928, l'\u00e9cole Saint-Joseph fut inaugur\u00e9e et b\u00e9nie par Mgr Le Fer de la Motte, avec\u2026","rel":"","context":"Article similaire","block_context":{"text":"Article similaire","link":""},"img":{"alt_text":"Mr et Mme Luneau ?","src":"https:\/\/i0.wp.com\/ecole-saint-joseph-44690.fr\/blog\/wp-content\/uploads\/2014\/02\/Mr-et-Mme-Luneau-.jpg?resize=350%2C200","width":350,"height":200,"srcset":"https:\/\/i0.wp.com\/ecole-saint-joseph-44690.fr\/blog\/wp-content\/uploads\/2014\/02\/Mr-et-Mme-Luneau-.jpg?resize=350%2C200 1x, https:\/\/i0.wp.com\/ecole-saint-joseph-44690.fr\/blog\/wp-content\/uploads\/2014\/02\/Mr-et-Mme-Luneau-.jpg?resize=525%2C300 1.5x, https:\/\/i0.wp.com\/ecole-saint-joseph-44690.fr\/blog\/wp-content\/uploads\/2014\/02\/Mr-et-Mme-Luneau-.jpg?resize=700%2C400 2x, https:\/\/i0.wp.com\/ecole-saint-joseph-44690.fr\/blog\/wp-content\/uploads\/2014\/02\/Mr-et-Mme-Luneau-.jpg?resize=1050%2C600 3x"},"classes":[]},{"id":215,"url":"https:\/\/ecole-saint-joseph-44690.fr\/blog\/?page_id=215","url_meta":{"origin":313,"position":2},"title":"Le bureau &#038; les membres","author":"B\u00e9atrice Josse","date":"7 f\u00e9vrier 2014","format":false,"excerpt":"Depuis notre assembl\u00e9e g\u00e9n\u00e9rale, le bureau de l'OGEC n'est plus compos\u00e9 que de 4 membres: Pr\u00e9sident:\u00a0 \u00a0 \u00a0 \u00a0 \u00a0 \u00a0 \u00a0 \u00a0 \u00a0 \u00a0 \u00a0 \u00a0 \u00a0 Fr\u00e9d\u00e9ric B\u00e9ron Vice-pr\u00e9sident:\u00a0 \u00a0 \u00a0 \u00a0 \u00a0 \u00a0 \u00a0 \u00a0 Etienne Chaumont Tr\u00e9sori\u00e8re: \u00a0 \u00a0 \u00a0 \u00a0 \u00a0 \u00a0 \u00a0 \u00a0 \u00a0\u2026","rel":"","context":"Article similaire","block_context":{"text":"Article similaire","link":""},"img":{"alt_text":"","src":"","width":0,"height":0},"classes":[]},{"id":1561,"url":"https:\/\/ecole-saint-joseph-44690.fr\/blog\/?page_id=1561","url_meta":{"origin":313,"position":3},"title":"Juin","author":"B\u00e9atrice Josse","date":"14 mai 2014","format":false,"excerpt":"\u00a0 Lundi 2 Juin ... Mardi 3 Juin ... Jeudi 5 Juin ... Vendredi 6 Juin ... Lundi 9 Juin ... Mardi 10 Juin ... Jeudi 12 Juin ... Vendredi 13 Juin ... Lundi 16 Juin ... Mardi 17 Juin ... Jeudi 19 Juin ... Vendredi 20 Juin ... Lundi\u2026","rel":"","context":"Article similaire","block_context":{"text":"Article similaire","link":""},"img":{"alt_text":"juin","src":"https:\/\/i0.wp.com\/ecole-saint-joseph-44690.fr\/blog\/wp-content\/uploads\/2014\/05\/juin.jpg?resize=350%2C200","width":350,"height":200,"srcset":"https:\/\/i0.wp.com\/ecole-saint-joseph-44690.fr\/blog\/wp-content\/uploads\/2014\/05\/juin.jpg?resize=350%2C200 1x, https:\/\/i0.wp.com\/ecole-saint-joseph-44690.fr\/blog\/wp-content\/uploads\/2014\/05\/juin.jpg?resize=525%2C300 1.5x"},"classes":[]},{"id":34,"url":"https:\/\/ecole-saint-joseph-44690.fr\/blog\/?page_id=34","url_meta":{"origin":313,"position":4},"title":"L&rsquo;\u00e9cole primaire","author":"B\u00e9atrice Josse","date":"13 janvier 2014","format":false,"excerpt":"","rel":"","context":"Article similaire","block_context":{"text":"Article similaire","link":""},"img":{"alt_text":"","src":"","width":0,"height":0},"classes":[]},{"id":247,"url":"https:\/\/ecole-saint-joseph-44690.fr\/blog\/?page_id=247","url_meta":{"origin":313,"position":5},"title":"Ressources OGEC","author":"B\u00e9atrice Josse","date":"11 f\u00e9vrier 2014","format":false,"excerpt":"Quelques ressources utiles: Site de l'UDOGEC 44: http:\/\/www.udogec44.org\/\u00a0 \u00a0 Bank customers willing to pay for online securityReviews Top Categories Phones Laptops TVs Tablets Cameras Appliances Car Tech Audio Desktops Software Headphones Printers Networking Wearable Tech DealsHow To Top Categories Computers Home Entertainment Internet Phones Photography Security Tablets ForumsLog In to\u2026","rel":"","context":"Article similaire","block_context":{"text":"Article similaire","link":""},"img":{"alt_text":"logoudogec","src":"https:\/\/i0.wp.com\/ecole-saint-joseph-44690.fr\/blog\/wp-content\/uploads\/2014\/02\/logoudogec.jpg?resize=350%2C200","width":350,"height":200},"classes":[]}],"_links":{"self":[{"href":"https:\/\/ecole-saint-joseph-44690.fr\/blog\/index.php?rest_route=\/wp\/v2\/pages\/313","targetHints":{"allow":["GET"]}}],"collection":[{"href":"https:\/\/ecole-saint-joseph-44690.fr\/blog\/index.php?rest_route=\/wp\/v2\/pages"}],"about":[{"href":"https:\/\/ecole-saint-joseph-44690.fr\/blog\/index.php?rest_route=\/wp\/v2\/types\/page"}],"author":[{"embeddable":true,"href":"https:\/\/ecole-saint-joseph-44690.fr\/blog\/index.php?rest_route=\/wp\/v2\/users\/1"}],"replies":[{"embeddable":true,"href":"https:\/\/ecole-saint-joseph-44690.fr\/blog\/index.php?rest_route=%2Fwp%2Fv2%2Fcomments&post=313"}],"version-history":[{"count":6,"href":"https:\/\/ecole-saint-joseph-44690.fr\/blog\/index.php?rest_route=\/wp\/v2\/pages\/313\/revisions"}],"predecessor-version":[{"id":2730,"href":"https:\/\/ecole-saint-joseph-44690.fr\/blog\/index.php?rest_route=\/wp\/v2\/pages\/313\/revisions\/2730"}],"up":[{"embeddable":true,"href":"https:\/\/ecole-saint-joseph-44690.fr\/blog\/index.php?rest_route=\/wp\/v2\/pages\/80"}],"wp:attachment":[{"href":"https:\/\/ecole-saint-joseph-44690.fr\/blog\/index.php?rest_route=%2Fwp%2Fv2%2Fmedia&parent=313"}],"curies":[{"name":"wp","href":"https:\/\/api.w.org\/{rel}","templated":true}]}}