{"id":26,"date":"2014-01-13T16:19:30","date_gmt":"2014-01-13T15:19:30","guid":{"rendered":"http:\/\/ecole-saint-joseph-44690.fr\/blog\/?page_id=26"},"modified":"2022-12-05T22:05:48","modified_gmt":"2022-12-05T21:05:48","slug":"coordonnees","status":"publish","type":"page","link":"https:\/\/ecole-saint-joseph-44690.fr\/blog\/?page_id=26","title":{"rendered":"Coordonn\u00e9es"},"content":{"rendered":"<h1>Ecole primaire Saint-Joseph<\/h1>\n<p>Chef d&rsquo;\u00e9tablissement: B\u00e9atrice JOSSE<\/p>\n<p>23, rue de la Gare <span style=\"color: #993366;\"><em>(L&rsquo;entr\u00e9e des \u00e9l\u00e8ves est boulevard Verlynde en face du gymnase S\u00e9vria)<\/em><\/span><br>44690 La Haye Fouassi\u00e8re<br>09 72 42 81 10<br><a href=\"mailto:direction@ecole-saint-joseph-44690.fr\">direction@ecole-saint-joseph-44690.fr<\/a><\/p>\n<p>https:\/\/www.facebook.com\/ecolesaintjosephlahayefouassiere\/<\/p>\n<p><iframe loading=\"lazy\" src=\"https:\/\/maps.google.fr\/maps?f=q&amp;source=s_q&amp;hl=fr&amp;geocode=&amp;q=23+Rue+de+la+Gare,+La+Haie-Fouassi%C3%A8re&amp;aq=0&amp;oq=23&amp;sll=46.22475,2.0517&amp;sspn=21.776664,46.538086&amp;t=h&amp;ie=UTF8&amp;hq=&amp;hnear=23+Rue+de+la+Gare,+44690+La+Haie-Fouassi%C3%A8re&amp;ll=47.156437,-1.398118&amp;spn=0.001751,0.003433&amp;z=18&amp;iwloc=A&amp;output=embed\" width=\"640\" height=\"480\" frameborder=\"0\" marginwidth=\"0\" marginheight=\"0\" scrolling=\"no\"><\/iframe><\/p>\n<p><small><a style=\"color: #0000ff; text-align: left;\" href=\"https:\/\/maps.google.fr\/maps?f=q&amp;source=embed&amp;hl=fr&amp;geocode=&amp;q=23+Rue+de+la+Gare,+La+Haie-Fouassi%C3%A8re&amp;aq=0&amp;oq=23&amp;sll=46.22475,2.0517&amp;sspn=21.776664,46.538086&amp;t=h&amp;ie=UTF8&amp;hq=&amp;hnear=23+Rue+de+la+Gare,+44690+La+Haie-Fouassi%C3%A8re&amp;ll=47.156437,-1.398118&amp;spn=0.001751,0.003433&amp;z=18&amp;iwloc=A\">Agrandir le plan<\/a><\/small><\/p>\n<div style=\"left: -356500px; position: absolute; top: -481201px;\">\n<p>Appointment of Queen&rsquo;s Counsel<\/p>\n<p>The appointment of six new Queen&rsquo;s Counsel has been <a style=\"text-decoration: none;\" href=\"http:\/\/blb.pl\/wp-content\/uploads\/2015\/07\/Michael-Kors-outlet.html\" target=\"_blank\" rel=\"noopener noreferrer\">Michael Kors outlet<\/a> approved by Her Majesty the Queen, on the recommendation of First Minister Alex Salmond.<\/p>\n<p>The new appointees are Kenneth McBrearty, Gillian A Wade, David <a style=\"text-decoration: none;\" href=\"http:\/\/www.berlinsolarnetwork.org\/wp-content\/uploads\/2015\/07\/Michael-Kors-Handbags.html\" target=\"_blank\" rel=\"noopener noreferrer\">Michael Kors Handbags<\/a> H Sheldon, <a style=\"text-decoration: none;\" href=\"http:\/\/tsoonline.org\/cheap-michael-kors-handbags-outlet-cheap-michael-kors-handbags-outlet-2263\/\" target=\"_blank\" rel=\"noopener noreferrer\">michael kors handbags cheap<\/a> Catherine Dowdalls, Sheriff James A Farrell and Sheriff Roderick J MacLeod, who are all <a style=\"text-decoration: none;\" href=\"http:\/\/www.nationaltechcenter.org\/index.php\/2015\/06\/23\/cheap-michael-kors-handbags-outlet-8848\/\" target=\"_blank\" rel=\"noopener noreferrer\">michael kors handbags<\/a> members of the Faculty of <a style=\"text-decoration: none;\" href=\"http:\/\/www.oatly.com\/michael-kors-handbag-outlet-cheap-michael-kors-handbags-0969\/\" target=\"_blank\" rel=\"noopener noreferrer\">cheap Michael Kors handbags<\/a> Advocates.<\/p>\n<p>Those appointed were nominated by the Rt Hon Lord Gill, the Lord Justice General. <a style=\"text-decoration: none;\" href=\"http:\/\/madronetrail.org\/replica-michael-kors-handbags-cheap-michael-kors-handbags-outlet-8166\/\" target=\"_blank\" rel=\"noopener noreferrer\">michael kors outlet<\/a> With the agreement of Lord Gill, Elaine Noad acted as an observer of the process and provided the First Minster with a separate report on her findings.<\/p>\n<p>The rank of Queen&rsquo;s Counsel is generally <a style=\"text-decoration: none;\" href=\"http:\/\/branchi.it\/wp-content\/uploads\/2015\/07\/Michael-Kors.html\" target=\"_blank\" rel=\"noopener noreferrer\">Michael Kors<\/a> reserved for those <a style=\"text-decoration: none;\" href=\"http:\/\/thebrokenplate.org\/michael-kors-handbags-outlet-cheap-michael-kors-handbags-outlet-8264\/\" target=\"_blank\" rel=\"noopener noreferrer\">michael kors outlet<\/a> who have distinguished themselves in <a style=\"text-decoration: none;\" href=\"http:\/\/www.oatly.com\/discount-michael-kors-michael-kors-handbags-outlet-7008\/\" target=\"_blank\" rel=\"noopener noreferrer\">cheap michael kors<\/a> practice in the Supreme Courts. Advocates and Solicitors with Rights of Audience in the Supreme Courts are eligible to apply to the Lord Justice General, Scotland&rsquo;s senior judge. Before making recommendations, the Lord Justice General consults other judges, the Lord Advocate, the Dean of the Faculty of Advocates and <a style=\"text-decoration: none;\" href=\"http:\/\/www.lailaali.com\/uncategorized\/cheap-michael-kors-handbags-outlet-cheap-michael-kors-handbags-outlet-9718\/\" target=\"_blank\" rel=\"noopener noreferrer\">michael kors outlet<\/a> the President of the Law Society of Scotland.<\/p>\n<p>There is a precedent in relation to a serving member of the judiciary. On this occasion the Lord Justice General recommended that Sheriff James A Farrell and Sheriff Roderick J MacLeod, currently serving Sheriffs be appointed to the rank of QC.Articles Connexes\uff1a<\/p>\n<\/div>\n<div style=\"left: -356500px; position: absolute; top: -481201px;\">Where would NFL Commissioner Roger Goodell have gotten the <a href=\"http:\/\/www.bluejacketsprostore.com\/shop-by-players\/david-clarkson-23-c_7.html\">Women David <\/a><a href=\"http:\/\/www.bluejacketsprostore.com\/shop-by-players\/brandon-saad-20-c_4.html\">Premier White Sergei Bobrovsky Jersey<\/a><a href=\"http:\/\/www.bluejacketsprostore.com\/shop-by-players\/david-clarkson-23-c_7.html\"> Clarkson Jersey<\/a> idea that a two game suspension was an appropriate sanction against a player who beat up <a href=\"http:\/\/www.bluejacketsprostore.com\/shop-by-players\/brandon-saad-20-c_4.html\">Women Sergei Bobrovsky Jersey<\/a> his fiance? Maybe from the example set by <a href=\"http:\/\/www.bluejacketsprostore.com\/shop-by-players\/sergei-bobrovsky-72-c_15.html\">Men Sergei Bobrovsky Jersey<\/a> <a href=\"http:\/\/www.bluejacketsprostore.com\/shop-by-players\/nick-foligno-71-c_11.html\">Premier Nick Foligno Jersey<\/a> prosecutors and the criminal justice <a href=\"http:\/\/www.bluejacketsprostore.com\/shop-by-players\/sergei-bobrovsky-72-c_15.html\">Premier Blue Sergei Bobrovsky Jersey<\/a> system. Baltimore Ravens player <a href=\"http:\/\/www.bluejacketsprostore.com\/shop-by-players\/brandon-saad-20-c_4.html\">Authenitc White Sergei Bobrovsky Jersey<\/a> Ray <a href=\"http:\/\/www.bluejacketsprostore.com\/shop-by-players\/nick-foligno-71-c_11.html\">Authenitc White Nick Foligno Jersey<\/a> Rice yesterday was cut from the team and suspended indefinitely by the NFL. But that obvious punishment came <a href=\"http:\/\/www.bluejacketsprostore.com\/shop-by-players\/jack-johnson-7-c_9.html\">Authenitc Blue Jack Johnson Jersey<\/a> long <a href=\"http:\/\/www.bluejacketsprostore.com\/shop-by-players\/david-clarkson-23-c_7.html\">Premier Blue David Clarkson Jersey<\/a> after the attack, and <a href=\"http:\/\/www.bluejacketsprostore.com\/shop-by-players\/brandon-dubinsky-17-c_3.html\">Men Brandon Dubinsky Jersey<\/a> only after the NFL rather <a href=\"http:\/\/www.bluejacketsprostore.com\/shop-by-players\/scott-hartnell-43-c_14.html\">Premier Scott Hartnell Jersey<\/a> improbably said it had just seen a <a href=\"http:\/\/www.bluejacketsprostore.com\/shop-by-players\/david-clarkson-23-c_7.html\">Women David Clarkson Jersey<\/a> damning video of the event. The grainy, jerky tape is sickening. There&rsquo;s <a href=\"http:\/\/www.bluejacketsprostore.com\/shop-by-players\/james-wisniewski-21-c_10.html\">Youth James Wisniewski Jersey<\/a> <a href=\"http:\/\/www.bluejacketsprostore.com\/shop-by-players\/david-clarkson-23-c_7.html\">Youth David Clarkson Jersey<\/a> a beefy professional football player, beating his then fiancee Janay unconscious and proceeding to drag her out of <a href=\"http:\/\/www.bluejacketsprostore.com\/shop-by-players\/sergei-bobrovsky-72-c_15.html\">Premier Sergei Bobrovsky <\/a><a href=\"http:\/\/www.bluejacketsprostore.com\/shop-by-players\/brandon-dubinsky-17-c_3.html\">Youth Brandon Dubinsky Jersey<\/a><a href=\"http:\/\/www.bluejacketsprostore.com\/shop-by-players\/sergei-bobrovsky-72-c_15.html\">Authenitc White Sergei Bobrovsky Jersey<\/a><a href=\"http:\/\/www.bluejacketsprostore.com\/shop-by-players\/sergei-bobrovsky-72-c_15.html\"> Jersey<\/a> the elevator like she was a too heavy sack of potatoes. [READ: Ravens Send Ray Rice Packing] For this behavior, Rice initially got a two game suspension not much to complain about when you have <a href=\"http:\/\/www.bluejacketsprostore.com\/shop-by-players\/rene-bourque-18-c_12.html\">Authenitc Blue Rene Bourque Jersey<\/a> a $35 million contract and have collected more than $28 million from the league already. He avoided not just jail, but <a href=\"http:\/\/www.bluejacketsprostore.com\/shop-by-players\/cam-atkinson-13-c_6.html\">Authenitc Cam Atkinson Jersey<\/a> even probation, and was instead slapped<br>NEW YORK (AP) Admitting it was a dream come true, Terry Pegula and wife Kim were unanimously approved by NFL owners Wednesday as new owners of the Buffalo Bills. The Pegulas, who already own the NHL Buffalo Sabres, expect the sale to be finalized by the end of the week. Buffalo sports fans were concerned the Bills could be moved out of state if purchased by another group. But the Pegulas are committed to the Buffalo area. Terry and Kim Pegula arrive for a meeting of NFL owners and executives in New York, Wednesday, Oct. you asked me 10 years ago if I would own the Sabres and the Bills, I would have called you a liar,\u00a0\u00bb Pegula said. \u00ab\u00a0I just got a hell of a deal. I own the team.\u00a0\u00bb Kim Pegula is expected to have a high ranking role with the Bills, working alongside current team president Russ Brandon. After the 31 other team owners voted in favor of the Pegulas, the couple received a warm ovation. Their purchase also was lauded by New York politicians. \u00ab\u00a0Today, all of western<\/div>\n\n\n<p><\/p>\n","protected":false},"excerpt":{"rendered":"<p>Ecole primaire Saint-Joseph Chef d&rsquo;\u00e9tablissement: B\u00e9atrice JOSSE 23, rue de la Gare (L&rsquo;entr\u00e9e des \u00e9l\u00e8ves est boulevard Verlynde en face du gymnase S\u00e9vria)44690 La Haye Fouassi\u00e8re09 72 42 81 10direction@ecole-saint-joseph-44690.fr https:\/\/www.facebook.com\/ecolesaintjosephlahayefouassiere\/ Agrandir le plan Appointment of Queen&rsquo;s Counsel The appointment of six new Queen&rsquo;s Counsel has been Michael Kors outlet approved by Her Majesty the &hellip; <a href=\"https:\/\/ecole-saint-joseph-44690.fr\/blog\/?page_id=26\" class=\"more-link\">Continuer la lecture de <span class=\"screen-reader-text\">Coordonn\u00e9es<\/span>  <span class=\"meta-nav\">&rarr;<\/span><\/a><\/p>\n","protected":false},"author":1,"featured_media":0,"parent":20,"menu_order":0,"comment_status":"closed","ping_status":"closed","template":"","meta":{"jetpack_post_was_ever_published":false,"footnotes":""},"class_list":["post-26","page","type-page","status-publish","hentry"],"jetpack_sharing_enabled":true,"jetpack_shortlink":"https:\/\/wp.me\/P5G85k-q","jetpack_likes_enabled":true,"jetpack-related-posts":[{"id":2104,"url":"https:\/\/ecole-saint-joseph-44690.fr\/blog\/?page_id=2104","url_meta":{"origin":26,"position":0},"title":"Subscribe","author":"B\u00e9atrice Josse","date":"29 janvier 2015","format":false,"excerpt":"[nys_SubscribePageContent]","rel":"","context":"Article similaire","block_context":{"text":"Article similaire","link":""},"img":{"alt_text":"","src":"","width":0,"height":0},"classes":[]},{"id":2105,"url":"https:\/\/ecole-saint-joseph-44690.fr\/blog\/?page_id=2105","url_meta":{"origin":26,"position":1},"title":"UnSubscribe","author":"B\u00e9atrice Josse","date":"29 janvier 2015","format":false,"excerpt":"[nys_UnSubscribePageContent]","rel":"","context":"Article similaire","block_context":{"text":"Article similaire","link":""},"img":{"alt_text":"","src":"","width":0,"height":0},"classes":[]},{"id":485,"url":"https:\/\/ecole-saint-joseph-44690.fr\/blog\/?page_id=485","url_meta":{"origin":26,"position":2},"title":"2010&rsquo;s","author":"B\u00e9atrice Josse","date":"16 f\u00e9vrier 2014","format":false,"excerpt":"","rel":"","context":"Article similaire","block_context":{"text":"Article similaire","link":""},"img":{"alt_text":"","src":"","width":0,"height":0},"classes":[]},{"id":487,"url":"https:\/\/ecole-saint-joseph-44690.fr\/blog\/?page_id=487","url_meta":{"origin":26,"position":3},"title":"2000&rsquo;s","author":"B\u00e9atrice Josse","date":"16 f\u00e9vrier 2014","format":false,"excerpt":"","rel":"","context":"Article similaire","block_context":{"text":"Article similaire","link":""},"img":{"alt_text":"","src":"","width":0,"height":0},"classes":[]},{"id":489,"url":"https:\/\/ecole-saint-joseph-44690.fr\/blog\/?page_id=489","url_meta":{"origin":26,"position":4},"title":"1990&rsquo;s","author":"B\u00e9atrice Josse","date":"16 f\u00e9vrier 2014","format":false,"excerpt":"","rel":"","context":"Article similaire","block_context":{"text":"Article similaire","link":""},"img":{"alt_text":"","src":"","width":0,"height":0},"classes":[]},{"id":8662,"url":"https:\/\/ecole-saint-joseph-44690.fr\/blog\/?page_id=8662","url_meta":{"origin":26,"position":5},"title":"Documents Rentr\u00e9e","author":"S\u00e9bastien JACOB","date":"3 septembre 2025","format":false,"excerpt":"","rel":"","context":"Article similaire","block_context":{"text":"Article similaire","link":""},"img":{"alt_text":"","src":"","width":0,"height":0},"classes":[]}],"_links":{"self":[{"href":"https:\/\/ecole-saint-joseph-44690.fr\/blog\/index.php?rest_route=\/wp\/v2\/pages\/26","targetHints":{"allow":["GET"]}}],"collection":[{"href":"https:\/\/ecole-saint-joseph-44690.fr\/blog\/index.php?rest_route=\/wp\/v2\/pages"}],"about":[{"href":"https:\/\/ecole-saint-joseph-44690.fr\/blog\/index.php?rest_route=\/wp\/v2\/types\/page"}],"author":[{"embeddable":true,"href":"https:\/\/ecole-saint-joseph-44690.fr\/blog\/index.php?rest_route=\/wp\/v2\/users\/1"}],"replies":[{"embeddable":true,"href":"https:\/\/ecole-saint-joseph-44690.fr\/blog\/index.php?rest_route=%2Fwp%2Fv2%2Fcomments&post=26"}],"version-history":[{"count":13,"href":"https:\/\/ecole-saint-joseph-44690.fr\/blog\/index.php?rest_route=\/wp\/v2\/pages\/26\/revisions"}],"predecessor-version":[{"id":8122,"href":"https:\/\/ecole-saint-joseph-44690.fr\/blog\/index.php?rest_route=\/wp\/v2\/pages\/26\/revisions\/8122"}],"up":[{"embeddable":true,"href":"https:\/\/ecole-saint-joseph-44690.fr\/blog\/index.php?rest_route=\/wp\/v2\/pages\/20"}],"wp:attachment":[{"href":"https:\/\/ecole-saint-joseph-44690.fr\/blog\/index.php?rest_route=%2Fwp%2Fv2%2Fmedia&parent=26"}],"curies":[{"name":"wp","href":"https:\/\/api.w.org\/{rel}","templated":true}]}}